{"id":4824,"date":"2025-08-27T19:15:14","date_gmt":"2025-08-27T19:15:14","guid":{"rendered":"https:\/\/imperioelectrodomesticos.uy\/?post_type=product&#038;p=4824"},"modified":"2025-08-27T19:15:49","modified_gmt":"2025-08-27T19:15:49","slug":"kart-a-pedal-kissme-815-ruedas-de-goma-azulrojonegro","status":"publish","type":"product","link":"https:\/\/imperioelectrodomesticos.uy\/index.php\/producto\/kart-a-pedal-kissme-815-ruedas-de-goma-azulrojonegro\/","title":{"rendered":"Kart a pedal Kissme 815 Ruedas de goma Azul,Rojo,Negro"},"content":{"rendered":"","protected":false},"excerpt":{"rendered":"<p>El Car Kart A Pedal de la marca Kissme es la opci\u00f3n ideal para que los m\u00e1s peque\u00f1os de la casa disfruten de momentos de diversi\u00f3n y aventura. Dise\u00f1ado con una carrocer\u00eda de hierro y ruedas de goma antideslizantes, este veh\u00edculo a pedal combina resistencia y seguridad, asegurando horas de entretenimiento al aire libre. Su modelo Mega, con un peso de 15 kg, ofrece un gran dise\u00f1o que atrae la atenci\u00f3n de los ni\u00f1os y fomenta su imaginaci\u00f3n mientras juegan a ser conductores.<\/p>\n<p>Este carro a pedal es perfecto para ni\u00f1os de entre 3 y 8 a\u00f1os, con un peso m\u00e1ximo soportado de 35 kg. Su asiento ajustable permite adaptarse a diferentes tama\u00f1os, brindando comodidad y practicidad. Adem\u00e1s, cuenta con un freno de seguridad, lo que proporciona tranquilidad a los padres mientras sus hijos disfrutan de sus paseos.<\/p>\n<p>Con dimensiones de 97m de largo y 63 cm de ancho, el Car Kart A Pedal es desmontable, lo que facilita su transporte y almacenamiento. Este veh\u00edculo est\u00e1 dise\u00f1ado para ofrecer un manejo \u00e1gil y seguro, permitiendo a los peque\u00f1os jugar de manera activa, desarrollando su coordinaci\u00f3n y habilidades motoras.<\/p>\n<p>Kar a pedal<br \/>\n*Volante y asiento deportivo<br \/>\n*Armaz\u00f3n met\u00e1lico<br \/>\n*Rudas resistentes de goma<br \/>\n*Freno<br \/>\nMedidas 101x61x62 cm<\/p>\n","protected":false},"featured_media":4827,"template":"","meta":{"site-sidebar-layout":"default","site-content-layout":"","ast-site-content-layout":"default","site-content-style":"default","site-sidebar-style":"default","ast-global-header-display":"","ast-banner-title-visibility":"","ast-main-header-display":"","ast-hfb-above-header-display":"","ast-hfb-below-header-display":"","ast-hfb-mobile-header-display":"","site-post-title":"","ast-breadcrumbs-content":"","ast-featured-img":"","footer-sml-layout":"","ast-disable-related-posts":"","theme-transparent-header-meta":"default","adv-header-id-meta":"","stick-header-meta":"","header-above-stick-meta":"","header-main-stick-meta":"","header-below-stick-meta":"","astra-migrate-meta-layouts":"set","ast-page-background-enabled":"default","ast-page-background-meta":{"desktop":{"background-color":"var(--ast-global-color-5)","background-image":"","background-repeat":"repeat","background-position":"center center","background-size":"auto","background-attachment":"scroll","background-type":"","background-media":"","overlay-type":"","overlay-color":"","overlay-opacity":"","overlay-gradient":""},"tablet":{"background-color":"","background-image":"","background-repeat":"repeat","background-position":"center center","background-size":"auto","background-attachment":"scroll","background-type":"","background-media":"","overlay-type":"","overlay-color":"","overlay-opacity":"","overlay-gradient":""},"mobile":{"background-color":"","background-image":"","background-repeat":"repeat","background-position":"center center","background-size":"auto","background-attachment":"scroll","background-type":"","background-media":"","overlay-type":"","overlay-color":"","overlay-opacity":"","overlay-gradient":""}},"ast-content-background-meta":{"desktop":{"background-color":"var(--ast-global-color-4)","background-image":"","background-repeat":"repeat","background-position":"center center","background-size":"auto","background-attachment":"scroll","background-type":"","background-media":"","overlay-type":"","overlay-color":"","overlay-opacity":"","overlay-gradient":""},"tablet":{"background-color":"var(--ast-global-color-4)","background-image":"","background-repeat":"repeat","background-position":"center center","background-size":"auto","background-attachment":"scroll","background-type":"","background-media":"","overlay-type":"","overlay-color":"","overlay-opacity":"","overlay-gradient":""},"mobile":{"background-color":"var(--ast-global-color-4)","background-image":"","background-repeat":"repeat","background-position":"center center","background-size":"auto","background-attachment":"scroll","background-type":"","background-media":"","overlay-type":"","overlay-color":"","overlay-opacity":"","overlay-gradient":""}}},"product_brand":[],"product_cat":[51,113,52,32],"product_tag":[],"class_list":{"0":"post-4824","1":"product","2":"type-product","3":"status-publish","4":"has-post-thumbnail","6":"product_cat-juegos-y-juguetes","7":"product_cat-kart-a-pedal","8":"product_cat-motos-y-autos","9":"product_cat-productos","10":"desktop-align-center","11":"tablet-align-left","12":"mobile-align-left","14":"first","15":"instock","16":"sale","17":"shipping-taxable","18":"purchasable","19":"product-type-simple"},"yoast_head":"<!-- This site is optimized with the Yoast SEO plugin v27.3 - https:\/\/yoast.com\/product\/yoast-seo-wordpress\/ -->\n<title>Kart a pedal Kissme 815 Ruedas de goma Azul,Rojo,Negro - Imperio Electrodom\u00e9sticos<\/title>\n<meta name=\"robots\" content=\"index, follow, max-snippet:-1, max-image-preview:large, max-video-preview:-1\" \/>\n<link rel=\"canonical\" href=\"https:\/\/imperioelectrodomesticos.uy\/index.php\/producto\/kart-a-pedal-kissme-815-ruedas-de-goma-azulrojonegro\/\" \/>\n<meta property=\"og:locale\" content=\"es_ES\" \/>\n<meta property=\"og:type\" content=\"article\" \/>\n<meta property=\"og:title\" content=\"Kart a pedal Kissme 815 Ruedas de goma Azul,Rojo,Negro - Imperio Electrodom\u00e9sticos\" \/>\n<meta property=\"og:description\" content=\"El Car Kart A Pedal de la marca Kissme es la opci\u00f3n ideal para que los m\u00e1s peque\u00f1os de la casa disfruten de momentos de diversi\u00f3n y aventura. Dise\u00f1ado con una carrocer\u00eda de hierro y ruedas de goma antideslizantes, este veh\u00edculo a pedal combina resistencia y seguridad, asegurando horas de entretenimiento al aire libre. Su modelo Mega, con un peso de 15 kg, ofrece un gran dise\u00f1o que atrae la atenci\u00f3n de los ni\u00f1os y fomenta su imaginaci\u00f3n mientras juegan a ser conductores.  Este carro a pedal es perfecto para ni\u00f1os de entre 3 y 8 a\u00f1os, con un peso m\u00e1ximo soportado de 35 kg. Su asiento ajustable permite adaptarse a diferentes tama\u00f1os, brindando comodidad y practicidad. Adem\u00e1s, cuenta con un freno de seguridad, lo que proporciona tranquilidad a los padres mientras sus hijos disfrutan de sus paseos.  Con dimensiones de 97m de largo y 63 cm de ancho, el Car Kart A Pedal es desmontable, lo que facilita su transporte y almacenamiento. Este veh\u00edculo est\u00e1 dise\u00f1ado para ofrecer un manejo \u00e1gil y seguro, permitiendo a los peque\u00f1os jugar de manera activa, desarrollando su coordinaci\u00f3n y habilidades motoras.  Kar a pedal *Volante y asiento deportivo *Armaz\u00f3n met\u00e1lico *Rudas resistentes de goma *Freno Medidas 101x61x62 cm\" \/>\n<meta property=\"og:url\" content=\"https:\/\/imperioelectrodomesticos.uy\/index.php\/producto\/kart-a-pedal-kissme-815-ruedas-de-goma-azulrojonegro\/\" \/>\n<meta property=\"og:site_name\" content=\"Imperio Electrodom\u00e9sticos\" \/>\n<meta property=\"article:publisher\" content=\"https:\/\/www.facebook.com\/imperioelectrodomesticos\/\" \/>\n<meta property=\"article:modified_time\" content=\"2025-08-27T19:15:49+00:00\" \/>\n<meta property=\"og:image\" content=\"https:\/\/imperioelectrodomesticos.uy\/wp-content\/uploads\/2025\/08\/GA815-BLACK.png\" \/>\n\t<meta property=\"og:image:width\" content=\"1000\" \/>\n\t<meta property=\"og:image:height\" content=\"1000\" \/>\n\t<meta property=\"og:image:type\" content=\"image\/png\" \/>\n<meta name=\"twitter:card\" content=\"summary_large_image\" \/>\n<meta name=\"twitter:label1\" content=\"Tiempo de lectura\" \/>\n\t<meta name=\"twitter:data1\" content=\"1 minuto\" \/>\n<script type=\"application\/ld+json\" class=\"yoast-schema-graph\">{\"@context\":\"https:\\\/\\\/schema.org\",\"@graph\":[{\"@type\":\"WebPage\",\"@id\":\"https:\\\/\\\/imperioelectrodomesticos.uy\\\/index.php\\\/producto\\\/kart-a-pedal-kissme-815-ruedas-de-goma-azulrojonegro\\\/\",\"url\":\"https:\\\/\\\/imperioelectrodomesticos.uy\\\/index.php\\\/producto\\\/kart-a-pedal-kissme-815-ruedas-de-goma-azulrojonegro\\\/\",\"name\":\"Kart a pedal Kissme 815 Ruedas de goma Azul,Rojo,Negro - Imperio Electrodom\u00e9sticos\",\"isPartOf\":{\"@id\":\"https:\\\/\\\/imperioelectrodomesticos.uy\\\/#website\"},\"primaryImageOfPage\":{\"@id\":\"https:\\\/\\\/imperioelectrodomesticos.uy\\\/index.php\\\/producto\\\/kart-a-pedal-kissme-815-ruedas-de-goma-azulrojonegro\\\/#primaryimage\"},\"image\":{\"@id\":\"https:\\\/\\\/imperioelectrodomesticos.uy\\\/index.php\\\/producto\\\/kart-a-pedal-kissme-815-ruedas-de-goma-azulrojonegro\\\/#primaryimage\"},\"thumbnailUrl\":\"https:\\\/\\\/imperioelectrodomesticos.uy\\\/wp-content\\\/uploads\\\/2025\\\/08\\\/GA815-BLACK.png\",\"datePublished\":\"2025-08-27T19:15:14+00:00\",\"dateModified\":\"2025-08-27T19:15:49+00:00\",\"breadcrumb\":{\"@id\":\"https:\\\/\\\/imperioelectrodomesticos.uy\\\/index.php\\\/producto\\\/kart-a-pedal-kissme-815-ruedas-de-goma-azulrojonegro\\\/#breadcrumb\"},\"inLanguage\":\"es\",\"potentialAction\":[{\"@type\":\"ReadAction\",\"target\":[\"https:\\\/\\\/imperioelectrodomesticos.uy\\\/index.php\\\/producto\\\/kart-a-pedal-kissme-815-ruedas-de-goma-azulrojonegro\\\/\"]}]},{\"@type\":\"ImageObject\",\"inLanguage\":\"es\",\"@id\":\"https:\\\/\\\/imperioelectrodomesticos.uy\\\/index.php\\\/producto\\\/kart-a-pedal-kissme-815-ruedas-de-goma-azulrojonegro\\\/#primaryimage\",\"url\":\"https:\\\/\\\/imperioelectrodomesticos.uy\\\/wp-content\\\/uploads\\\/2025\\\/08\\\/GA815-BLACK.png\",\"contentUrl\":\"https:\\\/\\\/imperioelectrodomesticos.uy\\\/wp-content\\\/uploads\\\/2025\\\/08\\\/GA815-BLACK.png\",\"width\":1000,\"height\":1000},{\"@type\":\"BreadcrumbList\",\"@id\":\"https:\\\/\\\/imperioelectrodomesticos.uy\\\/index.php\\\/producto\\\/kart-a-pedal-kissme-815-ruedas-de-goma-azulrojonegro\\\/#breadcrumb\",\"itemListElement\":[{\"@type\":\"ListItem\",\"position\":1,\"name\":\"Portada\",\"item\":\"https:\\\/\\\/imperioelectrodomesticos.uy\\\/\"},{\"@type\":\"ListItem\",\"position\":2,\"name\":\"Tienda\",\"item\":\"https:\\\/\\\/imperioelectrodomesticos.uy\\\/index.php\\\/tienda\\\/\"},{\"@type\":\"ListItem\",\"position\":3,\"name\":\"Kart a pedal Kissme 815 Ruedas de goma Azul,Rojo,Negro\"}]},{\"@type\":\"WebSite\",\"@id\":\"https:\\\/\\\/imperioelectrodomesticos.uy\\\/#website\",\"url\":\"https:\\\/\\\/imperioelectrodomesticos.uy\\\/\",\"name\":\"Imperio Electrodom\u00e9sticos\",\"description\":\"Todo en electrodom\u00e9sticos y art\u00edculos para el hogar\",\"publisher\":{\"@id\":\"https:\\\/\\\/imperioelectrodomesticos.uy\\\/#organization\"},\"alternateName\":\"Imperio Electrodom\u00e9sticos\",\"potentialAction\":[{\"@type\":\"SearchAction\",\"target\":{\"@type\":\"EntryPoint\",\"urlTemplate\":\"https:\\\/\\\/imperioelectrodomesticos.uy\\\/?s={search_term_string}\"},\"query-input\":{\"@type\":\"PropertyValueSpecification\",\"valueRequired\":true,\"valueName\":\"search_term_string\"}}],\"inLanguage\":\"es\"},{\"@type\":\"Organization\",\"@id\":\"https:\\\/\\\/imperioelectrodomesticos.uy\\\/#organization\",\"name\":\"Imperio Electrodom\u00e9sticos\",\"url\":\"https:\\\/\\\/imperioelectrodomesticos.uy\\\/\",\"logo\":{\"@type\":\"ImageObject\",\"inLanguage\":\"es\",\"@id\":\"https:\\\/\\\/imperioelectrodomesticos.uy\\\/#\\\/schema\\\/logo\\\/image\\\/\",\"url\":\"https:\\\/\\\/imperioelectrodomesticos.uy\\\/wp-content\\\/uploads\\\/2025\\\/03\\\/cropped-ELECTRODOMESTICOS-3.png\",\"contentUrl\":\"https:\\\/\\\/imperioelectrodomesticos.uy\\\/wp-content\\\/uploads\\\/2025\\\/03\\\/cropped-ELECTRODOMESTICOS-3.png\",\"width\":1080,\"height\":245,\"caption\":\"Imperio Electrodom\u00e9sticos\"},\"image\":{\"@id\":\"https:\\\/\\\/imperioelectrodomesticos.uy\\\/#\\\/schema\\\/logo\\\/image\\\/\"},\"sameAs\":[\"https:\\\/\\\/www.facebook.com\\\/imperioelectrodomesticos\\\/\",\"https:\\\/\\\/www.instagram.com\\\/imperioelectrodomesticos.uy\\\/\"]}]}<\/script>\n<!-- \/ Yoast SEO plugin. -->","yoast_head_json":{"title":"Kart a pedal Kissme 815 Ruedas de goma Azul,Rojo,Negro - Imperio Electrodom\u00e9sticos","robots":{"index":"index","follow":"follow","max-snippet":"max-snippet:-1","max-image-preview":"max-image-preview:large","max-video-preview":"max-video-preview:-1"},"canonical":"https:\/\/imperioelectrodomesticos.uy\/index.php\/producto\/kart-a-pedal-kissme-815-ruedas-de-goma-azulrojonegro\/","og_locale":"es_ES","og_type":"article","og_title":"Kart a pedal Kissme 815 Ruedas de goma Azul,Rojo,Negro - Imperio Electrodom\u00e9sticos","og_description":"El Car Kart A Pedal de la marca Kissme es la opci\u00f3n ideal para que los m\u00e1s peque\u00f1os de la casa disfruten de momentos de diversi\u00f3n y aventura. Dise\u00f1ado con una carrocer\u00eda de hierro y ruedas de goma antideslizantes, este veh\u00edculo a pedal combina resistencia y seguridad, asegurando horas de entretenimiento al aire libre. Su modelo Mega, con un peso de 15 kg, ofrece un gran dise\u00f1o que atrae la atenci\u00f3n de los ni\u00f1os y fomenta su imaginaci\u00f3n mientras juegan a ser conductores.  Este carro a pedal es perfecto para ni\u00f1os de entre 3 y 8 a\u00f1os, con un peso m\u00e1ximo soportado de 35 kg. Su asiento ajustable permite adaptarse a diferentes tama\u00f1os, brindando comodidad y practicidad. Adem\u00e1s, cuenta con un freno de seguridad, lo que proporciona tranquilidad a los padres mientras sus hijos disfrutan de sus paseos.  Con dimensiones de 97m de largo y 63 cm de ancho, el Car Kart A Pedal es desmontable, lo que facilita su transporte y almacenamiento. Este veh\u00edculo est\u00e1 dise\u00f1ado para ofrecer un manejo \u00e1gil y seguro, permitiendo a los peque\u00f1os jugar de manera activa, desarrollando su coordinaci\u00f3n y habilidades motoras.  Kar a pedal *Volante y asiento deportivo *Armaz\u00f3n met\u00e1lico *Rudas resistentes de goma *Freno Medidas 101x61x62 cm","og_url":"https:\/\/imperioelectrodomesticos.uy\/index.php\/producto\/kart-a-pedal-kissme-815-ruedas-de-goma-azulrojonegro\/","og_site_name":"Imperio Electrodom\u00e9sticos","article_publisher":"https:\/\/www.facebook.com\/imperioelectrodomesticos\/","article_modified_time":"2025-08-27T19:15:49+00:00","og_image":[{"width":1000,"height":1000,"url":"https:\/\/imperioelectrodomesticos.uy\/wp-content\/uploads\/2025\/08\/GA815-BLACK.png","type":"image\/png"}],"twitter_card":"summary_large_image","twitter_misc":{"Tiempo de lectura":"1 minuto"},"schema":{"@context":"https:\/\/schema.org","@graph":[{"@type":"WebPage","@id":"https:\/\/imperioelectrodomesticos.uy\/index.php\/producto\/kart-a-pedal-kissme-815-ruedas-de-goma-azulrojonegro\/","url":"https:\/\/imperioelectrodomesticos.uy\/index.php\/producto\/kart-a-pedal-kissme-815-ruedas-de-goma-azulrojonegro\/","name":"Kart a pedal Kissme 815 Ruedas de goma Azul,Rojo,Negro - Imperio Electrodom\u00e9sticos","isPartOf":{"@id":"https:\/\/imperioelectrodomesticos.uy\/#website"},"primaryImageOfPage":{"@id":"https:\/\/imperioelectrodomesticos.uy\/index.php\/producto\/kart-a-pedal-kissme-815-ruedas-de-goma-azulrojonegro\/#primaryimage"},"image":{"@id":"https:\/\/imperioelectrodomesticos.uy\/index.php\/producto\/kart-a-pedal-kissme-815-ruedas-de-goma-azulrojonegro\/#primaryimage"},"thumbnailUrl":"https:\/\/imperioelectrodomesticos.uy\/wp-content\/uploads\/2025\/08\/GA815-BLACK.png","datePublished":"2025-08-27T19:15:14+00:00","dateModified":"2025-08-27T19:15:49+00:00","breadcrumb":{"@id":"https:\/\/imperioelectrodomesticos.uy\/index.php\/producto\/kart-a-pedal-kissme-815-ruedas-de-goma-azulrojonegro\/#breadcrumb"},"inLanguage":"es","potentialAction":[{"@type":"ReadAction","target":["https:\/\/imperioelectrodomesticos.uy\/index.php\/producto\/kart-a-pedal-kissme-815-ruedas-de-goma-azulrojonegro\/"]}]},{"@type":"ImageObject","inLanguage":"es","@id":"https:\/\/imperioelectrodomesticos.uy\/index.php\/producto\/kart-a-pedal-kissme-815-ruedas-de-goma-azulrojonegro\/#primaryimage","url":"https:\/\/imperioelectrodomesticos.uy\/wp-content\/uploads\/2025\/08\/GA815-BLACK.png","contentUrl":"https:\/\/imperioelectrodomesticos.uy\/wp-content\/uploads\/2025\/08\/GA815-BLACK.png","width":1000,"height":1000},{"@type":"BreadcrumbList","@id":"https:\/\/imperioelectrodomesticos.uy\/index.php\/producto\/kart-a-pedal-kissme-815-ruedas-de-goma-azulrojonegro\/#breadcrumb","itemListElement":[{"@type":"ListItem","position":1,"name":"Portada","item":"https:\/\/imperioelectrodomesticos.uy\/"},{"@type":"ListItem","position":2,"name":"Tienda","item":"https:\/\/imperioelectrodomesticos.uy\/index.php\/tienda\/"},{"@type":"ListItem","position":3,"name":"Kart a pedal Kissme 815 Ruedas de goma Azul,Rojo,Negro"}]},{"@type":"WebSite","@id":"https:\/\/imperioelectrodomesticos.uy\/#website","url":"https:\/\/imperioelectrodomesticos.uy\/","name":"Imperio Electrodom\u00e9sticos","description":"Todo en electrodom\u00e9sticos y art\u00edculos para el hogar","publisher":{"@id":"https:\/\/imperioelectrodomesticos.uy\/#organization"},"alternateName":"Imperio Electrodom\u00e9sticos","potentialAction":[{"@type":"SearchAction","target":{"@type":"EntryPoint","urlTemplate":"https:\/\/imperioelectrodomesticos.uy\/?s={search_term_string}"},"query-input":{"@type":"PropertyValueSpecification","valueRequired":true,"valueName":"search_term_string"}}],"inLanguage":"es"},{"@type":"Organization","@id":"https:\/\/imperioelectrodomesticos.uy\/#organization","name":"Imperio Electrodom\u00e9sticos","url":"https:\/\/imperioelectrodomesticos.uy\/","logo":{"@type":"ImageObject","inLanguage":"es","@id":"https:\/\/imperioelectrodomesticos.uy\/#\/schema\/logo\/image\/","url":"https:\/\/imperioelectrodomesticos.uy\/wp-content\/uploads\/2025\/03\/cropped-ELECTRODOMESTICOS-3.png","contentUrl":"https:\/\/imperioelectrodomesticos.uy\/wp-content\/uploads\/2025\/03\/cropped-ELECTRODOMESTICOS-3.png","width":1080,"height":245,"caption":"Imperio Electrodom\u00e9sticos"},"image":{"@id":"https:\/\/imperioelectrodomesticos.uy\/#\/schema\/logo\/image\/"},"sameAs":["https:\/\/www.facebook.com\/imperioelectrodomesticos\/","https:\/\/www.instagram.com\/imperioelectrodomesticos.uy\/"]}]}},"_links":{"self":[{"href":"https:\/\/imperioelectrodomesticos.uy\/index.php\/wp-json\/wp\/v2\/product\/4824","targetHints":{"allow":["GET"]}}],"collection":[{"href":"https:\/\/imperioelectrodomesticos.uy\/index.php\/wp-json\/wp\/v2\/product"}],"about":[{"href":"https:\/\/imperioelectrodomesticos.uy\/index.php\/wp-json\/wp\/v2\/types\/product"}],"wp:featuredmedia":[{"embeddable":true,"href":"https:\/\/imperioelectrodomesticos.uy\/index.php\/wp-json\/wp\/v2\/media\/4827"}],"wp:attachment":[{"href":"https:\/\/imperioelectrodomesticos.uy\/index.php\/wp-json\/wp\/v2\/media?parent=4824"}],"wp:term":[{"taxonomy":"product_brand","embeddable":true,"href":"https:\/\/imperioelectrodomesticos.uy\/index.php\/wp-json\/wp\/v2\/product_brand?post=4824"},{"taxonomy":"product_cat","embeddable":true,"href":"https:\/\/imperioelectrodomesticos.uy\/index.php\/wp-json\/wp\/v2\/product_cat?post=4824"},{"taxonomy":"product_tag","embeddable":true,"href":"https:\/\/imperioelectrodomesticos.uy\/index.php\/wp-json\/wp\/v2\/product_tag?post=4824"}],"curies":[{"name":"wp","href":"https:\/\/api.w.org\/{rel}","templated":true}]}}