{"id":4533,"date":"2025-07-16T15:15:11","date_gmt":"2025-07-16T15:15:11","guid":{"rendered":"https:\/\/imperioelectrodomesticos.uy\/?post_type=product&#038;p=4533"},"modified":"2025-08-05T20:41:51","modified_gmt":"2025-08-05T20:41:51","slug":"moto-a-bateria-kissme-nelr1166s","status":"publish","type":"product","link":"https:\/\/imperioelectrodomesticos.uy\/index.php\/producto\/moto-a-bateria-kissme-nelr1166s\/","title":{"rendered":"Moto  a Bateria Kissme NELR1166S"},"content":{"rendered":"","protected":false},"excerpt":{"rendered":"<p>La moto a bater\u00eda Nel1188AZu es la opci\u00f3n ideal para los peque\u00f1os aventureros de 3 a\u00f1os en adelante. Con su potente bater\u00eda de 12 V y dos motores, esta moto ofrece una experiencia emocionante, logrando una velocidad m\u00e1xima de 3 km\/h, perfecta para asegurar la diversi\u00f3n y la seguridad a la vez. Dise\u00f1ada para un solo pasajero, su estructura robusta soporta hasta 30 kg, lo que garantiza que los ni\u00f1os puedan disfrutar de interesantes paseos sin preocuparse por su seguridad.<\/p>\n<p>El ensamblaje de la moto es sencillo, gracias a su manual de instrucciones incluido, lo cual facilita que los padres puedan prepararla para su uso r\u00e1pidamente. Su dise\u00f1o atractivo y moderno atraer\u00e1 la atenci\u00f3n tanto de ni\u00f1os como de padres, promoviendo la exploraci\u00f3n y el juego al aire libre.<\/p>\n<p>La moto a bater\u00eda Nel1188AZu no solo brinda diversi\u00f3n, sino que tambi\u00e9n ayuda a desarrollar habilidades motoras y coordinaci\u00f3n en los ni\u00f1os. Este veh\u00edculo el\u00e9ctrico es la alternativa perfecta a los paseos tradicionales, estimulando la independencia y la confianza en los m\u00e1s peque\u00f1os mientras disfrutan de emocionantes aventuras en su entorno.<\/p>\n","protected":false},"featured_media":4535,"template":"","meta":{"site-sidebar-layout":"default","site-content-layout":"","ast-site-content-layout":"default","site-content-style":"default","site-sidebar-style":"default","ast-global-header-display":"","ast-banner-title-visibility":"","ast-main-header-display":"","ast-hfb-above-header-display":"","ast-hfb-below-header-display":"","ast-hfb-mobile-header-display":"","site-post-title":"","ast-breadcrumbs-content":"","ast-featured-img":"","footer-sml-layout":"","ast-disable-related-posts":"","theme-transparent-header-meta":"default","adv-header-id-meta":"","stick-header-meta":"","header-above-stick-meta":"","header-main-stick-meta":"","header-below-stick-meta":"","astra-migrate-meta-layouts":"set","ast-page-background-enabled":"default","ast-page-background-meta":{"desktop":{"background-color":"var(--ast-global-color-5)","background-image":"","background-repeat":"repeat","background-position":"center center","background-size":"auto","background-attachment":"scroll","background-type":"","background-media":"","overlay-type":"","overlay-color":"","overlay-opacity":"","overlay-gradient":""},"tablet":{"background-color":"","background-image":"","background-repeat":"repeat","background-position":"center center","background-size":"auto","background-attachment":"scroll","background-type":"","background-media":"","overlay-type":"","overlay-color":"","overlay-opacity":"","overlay-gradient":""},"mobile":{"background-color":"","background-image":"","background-repeat":"repeat","background-position":"center center","background-size":"auto","background-attachment":"scroll","background-type":"","background-media":"","overlay-type":"","overlay-color":"","overlay-opacity":"","overlay-gradient":""}},"ast-content-background-meta":{"desktop":{"background-color":"var(--ast-global-color-4)","background-image":"","background-repeat":"repeat","background-position":"center center","background-size":"auto","background-attachment":"scroll","background-type":"","background-media":"","overlay-type":"","overlay-color":"","overlay-opacity":"","overlay-gradient":""},"tablet":{"background-color":"var(--ast-global-color-4)","background-image":"","background-repeat":"repeat","background-position":"center center","background-size":"auto","background-attachment":"scroll","background-type":"","background-media":"","overlay-type":"","overlay-color":"","overlay-opacity":"","overlay-gradient":""},"mobile":{"background-color":"var(--ast-global-color-4)","background-image":"","background-repeat":"repeat","background-position":"center center","background-size":"auto","background-attachment":"scroll","background-type":"","background-media":"","overlay-type":"","overlay-color":"","overlay-opacity":"","overlay-gradient":""}}},"product_brand":[],"product_cat":[51,52,32],"product_tag":[116],"class_list":{"0":"post-4533","1":"product","2":"type-product","3":"status-publish","4":"has-post-thumbnail","6":"product_cat-juegos-y-juguetes","7":"product_cat-motos-y-autos","8":"product_cat-productos","9":"product_tag-nino","10":"desktop-align-center","11":"tablet-align-left","12":"mobile-align-left","14":"first","15":"instock","16":"shipping-taxable","17":"purchasable","18":"product-type-simple"},"yoast_head":"<!-- This site is optimized with the Yoast SEO plugin v27.3 - https:\/\/yoast.com\/product\/yoast-seo-wordpress\/ -->\n<title>Moto a Bateria Kissme NELR1166S - Imperio Electrodom\u00e9sticos<\/title>\n<meta name=\"robots\" content=\"index, follow, max-snippet:-1, max-image-preview:large, max-video-preview:-1\" \/>\n<link rel=\"canonical\" href=\"https:\/\/imperioelectrodomesticos.uy\/index.php\/producto\/moto-a-bateria-kissme-nelr1166s\/\" \/>\n<meta property=\"og:locale\" content=\"es_ES\" \/>\n<meta property=\"og:type\" content=\"article\" \/>\n<meta property=\"og:title\" content=\"Moto a Bateria Kissme NELR1166S - Imperio Electrodom\u00e9sticos\" \/>\n<meta property=\"og:description\" content=\"La moto a bater\u00eda Nel1188AZu es la opci\u00f3n ideal para los peque\u00f1os aventureros de 3 a\u00f1os en adelante. Con su potente bater\u00eda de 12 V y dos motores, esta moto ofrece una experiencia emocionante, logrando una velocidad m\u00e1xima de 3 km\/h, perfecta para asegurar la diversi\u00f3n y la seguridad a la vez. Dise\u00f1ada para un solo pasajero, su estructura robusta soporta hasta 30 kg, lo que garantiza que los ni\u00f1os puedan disfrutar de interesantes paseos sin preocuparse por su seguridad.  El ensamblaje de la moto es sencillo, gracias a su manual de instrucciones incluido, lo cual facilita que los padres puedan prepararla para su uso r\u00e1pidamente. Su dise\u00f1o atractivo y moderno atraer\u00e1 la atenci\u00f3n tanto de ni\u00f1os como de padres, promoviendo la exploraci\u00f3n y el juego al aire libre.  La moto a bater\u00eda Nel1188AZu no solo brinda diversi\u00f3n, sino que tambi\u00e9n ayuda a desarrollar habilidades motoras y coordinaci\u00f3n en los ni\u00f1os. Este veh\u00edculo el\u00e9ctrico es la alternativa perfecta a los paseos tradicionales, estimulando la independencia y la confianza en los m\u00e1s peque\u00f1os mientras disfrutan de emocionantes aventuras en su entorno.\" \/>\n<meta property=\"og:url\" content=\"https:\/\/imperioelectrodomesticos.uy\/index.php\/producto\/moto-a-bateria-kissme-nelr1166s\/\" \/>\n<meta property=\"og:site_name\" content=\"Imperio Electrodom\u00e9sticos\" \/>\n<meta property=\"article:publisher\" content=\"https:\/\/www.facebook.com\/imperioelectrodomesticos\/\" \/>\n<meta property=\"article:modified_time\" content=\"2025-08-05T20:41:51+00:00\" \/>\n<meta property=\"og:image\" content=\"https:\/\/imperioelectrodomesticos.uy\/wp-content\/uploads\/2025\/07\/WhatsApp-Image-2025-07-04-at-1.55.02-PM.jpeg\" \/>\n\t<meta property=\"og:image:width\" content=\"1597\" \/>\n\t<meta property=\"og:image:height\" content=\"1066\" \/>\n\t<meta property=\"og:image:type\" content=\"image\/jpeg\" \/>\n<meta name=\"twitter:card\" content=\"summary_large_image\" \/>\n<meta name=\"twitter:label1\" content=\"Tiempo de lectura\" \/>\n\t<meta name=\"twitter:data1\" content=\"1 minuto\" \/>\n<script type=\"application\/ld+json\" class=\"yoast-schema-graph\">{\"@context\":\"https:\\\/\\\/schema.org\",\"@graph\":[{\"@type\":\"WebPage\",\"@id\":\"https:\\\/\\\/imperioelectrodomesticos.uy\\\/index.php\\\/producto\\\/moto-a-bateria-kissme-nelr1166s\\\/\",\"url\":\"https:\\\/\\\/imperioelectrodomesticos.uy\\\/index.php\\\/producto\\\/moto-a-bateria-kissme-nelr1166s\\\/\",\"name\":\"Moto a Bateria Kissme NELR1166S - Imperio Electrodom\u00e9sticos\",\"isPartOf\":{\"@id\":\"https:\\\/\\\/imperioelectrodomesticos.uy\\\/#website\"},\"primaryImageOfPage\":{\"@id\":\"https:\\\/\\\/imperioelectrodomesticos.uy\\\/index.php\\\/producto\\\/moto-a-bateria-kissme-nelr1166s\\\/#primaryimage\"},\"image\":{\"@id\":\"https:\\\/\\\/imperioelectrodomesticos.uy\\\/index.php\\\/producto\\\/moto-a-bateria-kissme-nelr1166s\\\/#primaryimage\"},\"thumbnailUrl\":\"https:\\\/\\\/imperioelectrodomesticos.uy\\\/wp-content\\\/uploads\\\/2025\\\/07\\\/WhatsApp-Image-2025-07-04-at-1.55.02-PM.jpeg\",\"datePublished\":\"2025-07-16T15:15:11+00:00\",\"dateModified\":\"2025-08-05T20:41:51+00:00\",\"breadcrumb\":{\"@id\":\"https:\\\/\\\/imperioelectrodomesticos.uy\\\/index.php\\\/producto\\\/moto-a-bateria-kissme-nelr1166s\\\/#breadcrumb\"},\"inLanguage\":\"es\",\"potentialAction\":[{\"@type\":\"ReadAction\",\"target\":[\"https:\\\/\\\/imperioelectrodomesticos.uy\\\/index.php\\\/producto\\\/moto-a-bateria-kissme-nelr1166s\\\/\"]}]},{\"@type\":\"ImageObject\",\"inLanguage\":\"es\",\"@id\":\"https:\\\/\\\/imperioelectrodomesticos.uy\\\/index.php\\\/producto\\\/moto-a-bateria-kissme-nelr1166s\\\/#primaryimage\",\"url\":\"https:\\\/\\\/imperioelectrodomesticos.uy\\\/wp-content\\\/uploads\\\/2025\\\/07\\\/WhatsApp-Image-2025-07-04-at-1.55.02-PM.jpeg\",\"contentUrl\":\"https:\\\/\\\/imperioelectrodomesticos.uy\\\/wp-content\\\/uploads\\\/2025\\\/07\\\/WhatsApp-Image-2025-07-04-at-1.55.02-PM.jpeg\",\"width\":1597,\"height\":1066},{\"@type\":\"BreadcrumbList\",\"@id\":\"https:\\\/\\\/imperioelectrodomesticos.uy\\\/index.php\\\/producto\\\/moto-a-bateria-kissme-nelr1166s\\\/#breadcrumb\",\"itemListElement\":[{\"@type\":\"ListItem\",\"position\":1,\"name\":\"Portada\",\"item\":\"https:\\\/\\\/imperioelectrodomesticos.uy\\\/\"},{\"@type\":\"ListItem\",\"position\":2,\"name\":\"Tienda\",\"item\":\"https:\\\/\\\/imperioelectrodomesticos.uy\\\/index.php\\\/tienda\\\/\"},{\"@type\":\"ListItem\",\"position\":3,\"name\":\"Moto a Bateria Kissme NELR1166S\"}]},{\"@type\":\"WebSite\",\"@id\":\"https:\\\/\\\/imperioelectrodomesticos.uy\\\/#website\",\"url\":\"https:\\\/\\\/imperioelectrodomesticos.uy\\\/\",\"name\":\"Imperio Electrodom\u00e9sticos\",\"description\":\"Todo en electrodom\u00e9sticos y art\u00edculos para el hogar\",\"publisher\":{\"@id\":\"https:\\\/\\\/imperioelectrodomesticos.uy\\\/#organization\"},\"alternateName\":\"Imperio Electrodom\u00e9sticos\",\"potentialAction\":[{\"@type\":\"SearchAction\",\"target\":{\"@type\":\"EntryPoint\",\"urlTemplate\":\"https:\\\/\\\/imperioelectrodomesticos.uy\\\/?s={search_term_string}\"},\"query-input\":{\"@type\":\"PropertyValueSpecification\",\"valueRequired\":true,\"valueName\":\"search_term_string\"}}],\"inLanguage\":\"es\"},{\"@type\":\"Organization\",\"@id\":\"https:\\\/\\\/imperioelectrodomesticos.uy\\\/#organization\",\"name\":\"Imperio Electrodom\u00e9sticos\",\"url\":\"https:\\\/\\\/imperioelectrodomesticos.uy\\\/\",\"logo\":{\"@type\":\"ImageObject\",\"inLanguage\":\"es\",\"@id\":\"https:\\\/\\\/imperioelectrodomesticos.uy\\\/#\\\/schema\\\/logo\\\/image\\\/\",\"url\":\"https:\\\/\\\/imperioelectrodomesticos.uy\\\/wp-content\\\/uploads\\\/2025\\\/03\\\/cropped-ELECTRODOMESTICOS-3.png\",\"contentUrl\":\"https:\\\/\\\/imperioelectrodomesticos.uy\\\/wp-content\\\/uploads\\\/2025\\\/03\\\/cropped-ELECTRODOMESTICOS-3.png\",\"width\":1080,\"height\":245,\"caption\":\"Imperio Electrodom\u00e9sticos\"},\"image\":{\"@id\":\"https:\\\/\\\/imperioelectrodomesticos.uy\\\/#\\\/schema\\\/logo\\\/image\\\/\"},\"sameAs\":[\"https:\\\/\\\/www.facebook.com\\\/imperioelectrodomesticos\\\/\",\"https:\\\/\\\/www.instagram.com\\\/imperioelectrodomesticos.uy\\\/\"]}]}<\/script>\n<!-- \/ Yoast SEO plugin. -->","yoast_head_json":{"title":"Moto a Bateria Kissme NELR1166S - Imperio Electrodom\u00e9sticos","robots":{"index":"index","follow":"follow","max-snippet":"max-snippet:-1","max-image-preview":"max-image-preview:large","max-video-preview":"max-video-preview:-1"},"canonical":"https:\/\/imperioelectrodomesticos.uy\/index.php\/producto\/moto-a-bateria-kissme-nelr1166s\/","og_locale":"es_ES","og_type":"article","og_title":"Moto a Bateria Kissme NELR1166S - Imperio Electrodom\u00e9sticos","og_description":"La moto a bater\u00eda Nel1188AZu es la opci\u00f3n ideal para los peque\u00f1os aventureros de 3 a\u00f1os en adelante. Con su potente bater\u00eda de 12 V y dos motores, esta moto ofrece una experiencia emocionante, logrando una velocidad m\u00e1xima de 3 km\/h, perfecta para asegurar la diversi\u00f3n y la seguridad a la vez. Dise\u00f1ada para un solo pasajero, su estructura robusta soporta hasta 30 kg, lo que garantiza que los ni\u00f1os puedan disfrutar de interesantes paseos sin preocuparse por su seguridad.  El ensamblaje de la moto es sencillo, gracias a su manual de instrucciones incluido, lo cual facilita que los padres puedan prepararla para su uso r\u00e1pidamente. Su dise\u00f1o atractivo y moderno atraer\u00e1 la atenci\u00f3n tanto de ni\u00f1os como de padres, promoviendo la exploraci\u00f3n y el juego al aire libre.  La moto a bater\u00eda Nel1188AZu no solo brinda diversi\u00f3n, sino que tambi\u00e9n ayuda a desarrollar habilidades motoras y coordinaci\u00f3n en los ni\u00f1os. Este veh\u00edculo el\u00e9ctrico es la alternativa perfecta a los paseos tradicionales, estimulando la independencia y la confianza en los m\u00e1s peque\u00f1os mientras disfrutan de emocionantes aventuras en su entorno.","og_url":"https:\/\/imperioelectrodomesticos.uy\/index.php\/producto\/moto-a-bateria-kissme-nelr1166s\/","og_site_name":"Imperio Electrodom\u00e9sticos","article_publisher":"https:\/\/www.facebook.com\/imperioelectrodomesticos\/","article_modified_time":"2025-08-05T20:41:51+00:00","og_image":[{"width":1597,"height":1066,"url":"https:\/\/imperioelectrodomesticos.uy\/wp-content\/uploads\/2025\/07\/WhatsApp-Image-2025-07-04-at-1.55.02-PM.jpeg","type":"image\/jpeg"}],"twitter_card":"summary_large_image","twitter_misc":{"Tiempo de lectura":"1 minuto"},"schema":{"@context":"https:\/\/schema.org","@graph":[{"@type":"WebPage","@id":"https:\/\/imperioelectrodomesticos.uy\/index.php\/producto\/moto-a-bateria-kissme-nelr1166s\/","url":"https:\/\/imperioelectrodomesticos.uy\/index.php\/producto\/moto-a-bateria-kissme-nelr1166s\/","name":"Moto a Bateria Kissme NELR1166S - Imperio Electrodom\u00e9sticos","isPartOf":{"@id":"https:\/\/imperioelectrodomesticos.uy\/#website"},"primaryImageOfPage":{"@id":"https:\/\/imperioelectrodomesticos.uy\/index.php\/producto\/moto-a-bateria-kissme-nelr1166s\/#primaryimage"},"image":{"@id":"https:\/\/imperioelectrodomesticos.uy\/index.php\/producto\/moto-a-bateria-kissme-nelr1166s\/#primaryimage"},"thumbnailUrl":"https:\/\/imperioelectrodomesticos.uy\/wp-content\/uploads\/2025\/07\/WhatsApp-Image-2025-07-04-at-1.55.02-PM.jpeg","datePublished":"2025-07-16T15:15:11+00:00","dateModified":"2025-08-05T20:41:51+00:00","breadcrumb":{"@id":"https:\/\/imperioelectrodomesticos.uy\/index.php\/producto\/moto-a-bateria-kissme-nelr1166s\/#breadcrumb"},"inLanguage":"es","potentialAction":[{"@type":"ReadAction","target":["https:\/\/imperioelectrodomesticos.uy\/index.php\/producto\/moto-a-bateria-kissme-nelr1166s\/"]}]},{"@type":"ImageObject","inLanguage":"es","@id":"https:\/\/imperioelectrodomesticos.uy\/index.php\/producto\/moto-a-bateria-kissme-nelr1166s\/#primaryimage","url":"https:\/\/imperioelectrodomesticos.uy\/wp-content\/uploads\/2025\/07\/WhatsApp-Image-2025-07-04-at-1.55.02-PM.jpeg","contentUrl":"https:\/\/imperioelectrodomesticos.uy\/wp-content\/uploads\/2025\/07\/WhatsApp-Image-2025-07-04-at-1.55.02-PM.jpeg","width":1597,"height":1066},{"@type":"BreadcrumbList","@id":"https:\/\/imperioelectrodomesticos.uy\/index.php\/producto\/moto-a-bateria-kissme-nelr1166s\/#breadcrumb","itemListElement":[{"@type":"ListItem","position":1,"name":"Portada","item":"https:\/\/imperioelectrodomesticos.uy\/"},{"@type":"ListItem","position":2,"name":"Tienda","item":"https:\/\/imperioelectrodomesticos.uy\/index.php\/tienda\/"},{"@type":"ListItem","position":3,"name":"Moto a Bateria Kissme NELR1166S"}]},{"@type":"WebSite","@id":"https:\/\/imperioelectrodomesticos.uy\/#website","url":"https:\/\/imperioelectrodomesticos.uy\/","name":"Imperio Electrodom\u00e9sticos","description":"Todo en electrodom\u00e9sticos y art\u00edculos para el hogar","publisher":{"@id":"https:\/\/imperioelectrodomesticos.uy\/#organization"},"alternateName":"Imperio Electrodom\u00e9sticos","potentialAction":[{"@type":"SearchAction","target":{"@type":"EntryPoint","urlTemplate":"https:\/\/imperioelectrodomesticos.uy\/?s={search_term_string}"},"query-input":{"@type":"PropertyValueSpecification","valueRequired":true,"valueName":"search_term_string"}}],"inLanguage":"es"},{"@type":"Organization","@id":"https:\/\/imperioelectrodomesticos.uy\/#organization","name":"Imperio Electrodom\u00e9sticos","url":"https:\/\/imperioelectrodomesticos.uy\/","logo":{"@type":"ImageObject","inLanguage":"es","@id":"https:\/\/imperioelectrodomesticos.uy\/#\/schema\/logo\/image\/","url":"https:\/\/imperioelectrodomesticos.uy\/wp-content\/uploads\/2025\/03\/cropped-ELECTRODOMESTICOS-3.png","contentUrl":"https:\/\/imperioelectrodomesticos.uy\/wp-content\/uploads\/2025\/03\/cropped-ELECTRODOMESTICOS-3.png","width":1080,"height":245,"caption":"Imperio Electrodom\u00e9sticos"},"image":{"@id":"https:\/\/imperioelectrodomesticos.uy\/#\/schema\/logo\/image\/"},"sameAs":["https:\/\/www.facebook.com\/imperioelectrodomesticos\/","https:\/\/www.instagram.com\/imperioelectrodomesticos.uy\/"]}]}},"_links":{"self":[{"href":"https:\/\/imperioelectrodomesticos.uy\/index.php\/wp-json\/wp\/v2\/product\/4533","targetHints":{"allow":["GET"]}}],"collection":[{"href":"https:\/\/imperioelectrodomesticos.uy\/index.php\/wp-json\/wp\/v2\/product"}],"about":[{"href":"https:\/\/imperioelectrodomesticos.uy\/index.php\/wp-json\/wp\/v2\/types\/product"}],"wp:featuredmedia":[{"embeddable":true,"href":"https:\/\/imperioelectrodomesticos.uy\/index.php\/wp-json\/wp\/v2\/media\/4535"}],"wp:attachment":[{"href":"https:\/\/imperioelectrodomesticos.uy\/index.php\/wp-json\/wp\/v2\/media?parent=4533"}],"wp:term":[{"taxonomy":"product_brand","embeddable":true,"href":"https:\/\/imperioelectrodomesticos.uy\/index.php\/wp-json\/wp\/v2\/product_brand?post=4533"},{"taxonomy":"product_cat","embeddable":true,"href":"https:\/\/imperioelectrodomesticos.uy\/index.php\/wp-json\/wp\/v2\/product_cat?post=4533"},{"taxonomy":"product_tag","embeddable":true,"href":"https:\/\/imperioelectrodomesticos.uy\/index.php\/wp-json\/wp\/v2\/product_tag?post=4533"}],"curies":[{"name":"wp","href":"https:\/\/api.w.org\/{rel}","templated":true}]}}